 number?
False
Is 36045360/1053 + (-2)/18 a composite number?
False
Let u(a) = a**3 - 6*a**2 + a + 1. Let y be u(6). Let b be 3/(-1) - (y - 13). Suppose -7*w + 881 = -b*w + 3*m, -2*w + 444 = -2*m. Is w prime?
False
Suppose w + 560 = 2*w. Let b = -3752 - -3661. Let q = b + w. Is q a composite number?
True
Let a(t) = -363*t + 326. Is a(-45) composite?
False
Let g(z) = 14*z**3 - 7*z**2 + z - 147. Let u be g(15). Suppose i + b - u = -4*i, 3*i = b + 27329. Is i a composite number?
False
Let v(j) = -155*j**3 - 5*j**2 - 10*j - 8. Suppose 31*b + 18 = 33*b. Let w be v(b). Is w/(-198) + (-2)/9 a prime number?
False
Let y = 80 - 65. Let l = -9 + y. Suppose a - 1669 = -5*g, -l*g + a + 1337 = -2*g. Is g composite?
True
Let o = 72020 + -43962. Let u = -16639 + o. Is u a prime number?
False
Suppose -16*s = 97592 - 5152968. Is s composite?
False
Let q(n) = -929*n - 6. Let f be q(5). Let m = 6972 + f. Is m composite?
True
Let p = -1257005 - -1936522. Is p prime?
True
Let g = 777105 - -171116. Is g a prime number?
False
Let f = 109213 + 66453. Is f prime?
False
Suppose -30109*g - 9677487 = -30140*g. Is g composite?
True
Suppose -3*p + 30 = -8*p. Let s be (p/4)/((-12)/32). Suppose o - 5*c = 164, -o - 3*o = s*c - 728. Is o prime?
True
Suppose -163*r + 130*r = -717783. Is r a composite number?
False
Suppose 13*k - 26*k - 13 = 0. Let u(s) = 6805*s**2 + 3*s + 1. Is u(k) composite?
False
Suppose 5*h + 5*z = 36615, -3*h + 4*z + 21955 = -0*z. Is h a prime number?
True
Let r be (-20 + 1/1)/(-1). Let a(q) = 13*q**3 - 23*q**2 + 21*q - 10. Let b(v) = 11*v**3 - 23*v**2 + 20*v - 9. Let w(t) = 5*a(t) - 6*b(t). Is w(r) composite?
False
Suppose -8 - 12 = -4*n. Let h(b) = -8*b**3 - 54*b**2 + 2*b - 57. Let s be h(-7). Suppose 3*j - 455 = n*l, 11 - s = 4*l. Is j prime?
False
Is 1902311*(-4)/(-28) + ((-240)/56)/(-15) a prime number?
False
Let t(m) = -13*m - 151. Let b be t(-11). Let h(d) = -2*d**3 - 6*d**2 - 28*d - 11. Is h(b) a composite number?
False
Let w(n) = 5*n + 879. Suppose 4 - 8 = -h - 4*b, h = 2*b - 2. Let m be w(h). Let u = m - 482. Is u a composite number?
False
Suppose 17*u = -3*z + 19*u + 94593, 2*z - 2*u - 63062 = 0. Is z a prime number?
True
Let j be (1 - 93) + -6 - -1. Let r = -10 - j. Is r prime?
False
Let i(g) = -3951*g + 164. Let h(q) = q + 1. Let u(w) = 5*h(w) + i(w). Is u(-3) a composite number?
False
Let d be ((-807)/2)/(9 - 747/84). Let o = 5307 - d. Is o composite?
True
Let c(w) = 374*w**2 - 30*w + 707. Is c(-27) a composite number?
False
Let o = 23868 + -12030. Suppose 68*k - o = 62*k. Is k a composite number?
False
Let v(x) = 847*x**3 - 4*x**2 + 4*x + 1. Let p be v(2). Suppose -n + 3*u = 2705 - p, 5*n + 3*u = 20410. Is n a prime number?
True
Let f(w) = -17*w**3 - 18*w**2 - 16*w + 14. Let k be 9/(54/(-24)) + -2. Is f(k) a composite number?
True
Suppose 3*k - 5*k = -4*d + 639838, 3*d - 479889 = -2*k. Is d prime?
False
Suppose 8*q = 4*q + 2*l + 352828, -4*l = -5*q + 441035. Is q prime?
False
Let k(g) be the first derivative of -116*g**2 + 143*g - 101. Is k(-9) composite?
True
Let w(t) = -2*t**2 - 6*t + 55. Let y be w(-10). Is 2404/5 + (-17)/y a composite number?
True
Let t(z) = -z**2 + 8*z + 12. Let x be t(9). Suppose -p = x*l - 2151, -2*p = 4*l - 7*p - 2868. Suppose -5*q + l = -4*n, 4*n - 85 = -q + 68. Is q composite?
True
Suppose -4*j + 46 = -226. Suppose -g = -4*g + 3, -3*t + j = 2*g. Is ((-2)/4)/(t/(-63316)) composite?
False
Is 5/(15/(-2))*(1096518/(-4) - -9) prime?
True
Let n = 75 + -74. Let t be (-560 + 4/(-4))*n*-2. Let g = -565 + t. Is g prime?
True
Let a(d) = -35*d**3 - 3*d**2 - 102*d + 19. Is a(-12) a composite number?
False
Let a = -14910 - 1793. Let c = -6510 - a. Is c a composite number?
False
Let a be 39505*(-5)/(-25)*10. Suppose 42*s = 32*s + a. Is s a prime number?
True
Suppose 45*s - 43*s + 4 = 0, -3*s = -2*q + 235132. Is q composite?
False
Is (-29 - -33)*45481/4 a composite number?
False
Suppose 0 = -0*s - 8*s + 3840. Suppose 4*v = -0*v + s. Suppose j - 667 = v. Is j prime?
True
Suppose 18 - 24 = -3*m. Let k(t) = 11*t**2 - m - t**3 - 1 - 7*t + 1. Is k(9) composite?
False
Let h(s) = 41*s - 17. Let m be h(7). Is (0 + -5)*(-67986)/m prime?
True
Let r be -2*(-2 + -2 - -3). Suppose 3*v - 5*h = 55036 - 14065, v - 13657 = -r*h. Is v a composite number?
True
Let d(f) = 126*f**2 + 17*f + 29. Let n be d(-11). Suppose -2*q + n = 4502. Is q prime?
False
Let o(z) = -3 + 30*z + z**3 + 12 - 23*z**2 - z. Suppose -2*c = 5*a - 102, 5*a - 106 = 8*c - 9*c. Is o(a) a composite number?
False
Let p(u) be the second derivative of 37*u**3/3 + 6*u**2 + 2*u. Let x be p(22). Let s = x - 963. Is s prime?
True
Suppose -5*o - 5 = -20. Let z = o + -1. Suppose -5*r + 195 = j - r, 3*j + z*r = 635. Is j composite?
True
Let m = -5059 - -45250. Is m a composite number?
True
Let i(x) = 141*x + 71 - 204 + 276*x - 33*x. Is i(10) a composite number?
True
Is (6 + -8)/(72/(-8842356)) a prime number?
True
Let h = 215153 - 87754. Is h a composite number?
False
Suppose 2*q + 9*q - 820912 = -5*q. Is q prime?
True
Let w(z) = 3419*z**2 + 27*z + 251. Is w(-7) a prime number?
True
Suppose 2*o - h + 20 = 7*o, 2*o + 4*h + 10 = 0. Suppose 11 = 5*i - 84. Suppose -o*t - 4 + i = 0. Is t a composite number?
False
Suppose -30*r = -24*r + 15660. Let k = 133 - r. Is k a composite number?
True
Is ((-231)/22 - (-40)/16) + 61791 prime?
False
Suppose 3*m - 9 = 0, 2270 - 305 = 4*w - m. Suppose 495*u - w*u = 13119. Is u composite?
False
Let h(z) = -z**2 - 9*z - 14. Let q be h(-6). Suppose 0*n - q*n = i + 5, -4*n + 4*i = 0. Is 502*(-3)/9*3/n a prime number?
False
Let t be -4 - -36 - (-2 - -5). Suppose -31*s + 4870 = -t*s. Is s prime?
False
Suppose -4*i - 581536 = -4*j, -6*j - 152*i + 147*i + 872381 = 0. Is j a prime number?
True
Let b be 711988/483 - 4/42. Suppose -4*d - 2*q = -13562, 1918 = d + q - b. Is d prime?
True
Let m(g) = -g**3 + 70*g**2 + 24*g + 73. Is m(36) a prime number?
False
Let u = 202 - 202. Suppose -q = 3*h - 2948, -4*h + 14795 = 5*q - u*h. Is q a composite number?
False
Let l be 20 - ((-36)/(-4) - -3). Let c(m) be the first derivative of 2*m**4 - 10*m**3/3 - m**2/2 + 57*m - 2. Is c(l) a composite number?
True
Suppose -u + 4*n + 1050812 = 3*u, -n = 4*u - 1050812. Is u composite?
True
Let r(f) = 20*f + 3493. Let v(w) = 21*w + 3493. Let d(m) = 5*r(m) - 4*v(m). Is d(0) a prime number?
False
Let d be (-3)/4 + 38/8. Let b = 335 - 333. Suppose b*j - d*a = 1171 - 177, 0 = 5*j - a - 2440. Is j a composite number?
False
Suppose -5*z + 15*z = 180. Is (-12)/(-162)*158907 - (-2)/z prime?
False
Suppose -3*b - 5*t - 75 + 200 = 0, -36 = -b + 4*t. Suppose -4*a = -9*a + b. Let k(s) = -s**3 + 10*s**2 + s + 13. Is k(a) a composite number?
False
Let d = 204 + -200. Suppose 0 = -2*s - o + 1885, -5*s + 4234 = d*o - 477. Is s prime?
False
Let p(h) = 6470*h - 4939. Is p(48) a composite number?
False
Suppose t - 3*t + 3*r = -621, -311 = -t + r. Let u = 4433 - t. Is u prime?
False
Suppose 28*w + 113720811 = 470*w + 40714345. Is w composite?
False
Let x(o) = 186*o**2 - 16*o - 6. Let j be x(8). Suppose 17*q - j = 13339. Is q composite?
True
Let z(s) = -4*s - 36. Let f be z(-12). Suppose 20*j = 24*j - f. Suppose -2*h + 2400 + 1093 = 3*p, 2*p - 2332 = -j*h. Is p prime?
True
Let z(h) = -17609*h + 3664. Is z(-11) a composite number?
True
Suppose 545011 = 9*a - 283898. Is a prime?
False
Let r(h) = -3*h**3 - 25*h**2 - 300*h - 271. Is r(-50) composite?
True
Suppose 4*t + 2*n = -n - 13, t = 5*n - 9. Is (100/(-26) - t/(-26)) + 2705 prime?
False
Let z be -9*7*5/35. Let o(f) = 38*f**2 - 16*f - 1. Is o(z) a prime number?
True
Let c = 31936 + 237. Is c composite?
False
Suppose 217*h - 208*h - 392031 = 0. Suppose -h = -12*c + 138757. Is c a prime number?
True
Let f(b) = -8*b - 88. Let w be f(-12). Suppose -15*q = -w*q - 28049. Is q a prime number?
True
Let g = -1859 + 1850. Let h(a) = -10 - a + 17*a + 4*a**2 - 4. Is h(g) a composite number?
True
Let x(s) = s**3 + 2*s**2 - 20*s + 2375. Let l be x(0). Suppose 0 = 2*h - y - l, -11*h = -7*h + 3*y - 4735. Is h a composite number?
True
Let r = 92 - 87. Is 103303/95 - 2/r prime?
True
Suppose 5*d - 9 - 6 = 0. Let t be (1 - -6 - 13)*(0 + -1). Suppose -t*b + d*b = -39. Is b prime?
True
Suppose 2504406 - 7890733 = -131*v. Is v composite?
False
Let j(f) = 98819*f - 1500. Is j(1) composite